
In base 3, what is -10 - -11102?
11022
In base 7, what is -3 + -3263?
-3266
In base 4, what is 11121 - -1?
11122
In base 9, what is -4 + 3415?
3411
In base 4, what is -1033 + 3?
-1030
In base 13, what is -1 - 426?
-427
In base 10, what is 0 + 13?
13
In base 12, what is 2b + -b?
20
In base 14, what is -9 - -1?
-8
In base 8, what is 4 + -202?
-176
In base 2, what is -1 + -11001111?
-11010000
In base 9, what is 3 + -4437?
-4434
In base 15, what is -a0b9 - 3?
-a0bc
In base 12, what is 1082 - -4?
1086
In base 3, what is -201 - 210121?
-211022
In base 5, what is 334 - 0?
334
In base 10, what is 13 - -3?
16
In base 2, what is -10011010 + 1?
-10011001
In base 15, what is -b + -1a?
-26
In base 12, what is -6 - -9?
3
In base 9, what is -8765 + -4?
-8770
In base 6, what is 4 + 50?
54
In base 4, what is 0 + -20110?
-20110
In base 10, what is 1160 - 2?
1158
In base 13, what is 7a4 + -4?
7a0
In base 4, what is 11003 - 10?
10333
In base 8, what is -5 + 73?
66
In base 10, what is 6 + -1699?
-1693
In base 8, what is -3 + 4076?
4073
In base 14, what is -2 + 6?
4
In base 11, what is 86 - 7?
7a
In base 5, what is 312 - -3?
320
In base 6, what is 1 - 1310?
-1305
In base 12, what is -4 + 507?
503
In base 9, what is -104 - -41?
-53
In base 7, what is 2 + 3021?
3023
In base 9, what is -308 - -1?
-307
In base 15, what is -5 - -157?
152
In base 2, what is 1010110010 - 1?
1010110001
In base 10, what is -12 - 9?
-21
In base 16, what is 0 + 7d?
7d
In base 10, what is 5 + 95?
100
In base 14, what is 7 - 98?
-91
In base 5, what is 122 - 0?
122
In base 5, what is -12 - -122121?
122104
In base 16, what is 24 + -1?
23
In base 16, what is -e1 + 4?
-dd
In base 9, what is 1 + 24?
25
In base 8, what is 2425 - 13?
2412
In base 12, what is 15 + 115?
12a
In base 4, what is -13021 - -1?
-13020
In base 13, what is 15a + -6?
154
In base 2, what is -100 - -101011?
100111
In base 12, what is 48b - 1?
48a
In base 11, what is -1010 + 3?
-1008
In base 5, what is -333 + 0?
-333
In base 5, what is -4 + -203?
-212
In base 4, what is 1013322 + 21?
1020003
In base 6, what is 40353 - 5?
40344
In base 6, what is -2 + -1013?
-1015
In base 12, what is -2196 - -5?
-2191
In base 11, what is -7796 + 2?
-7794
In base 4, what is 3 - 10113?
-10110
In base 13, what is 1 + -46?
-45
In base 4, what is 1023 + 20?
1103
In base 6, what is -13 - 22?
-35
In base 2, what is -1101101011010 - -1?
-1101101011001
In base 7, what is 1 + 20365?
20366
In base 7, what is -2 - -505?
503
In base 7, what is -4 - 24?
-31
In base 14, what is -601 + 0?
-601
In base 3, what is -10 - -2101?
2021
In base 8, what is -155 + -2?
-157
In base 15, what is 9 + -27?
-1d
In base 13, what is -2 - 142?
-144
In base 10, what is 0 - 89?
-89
In base 9, what is -4345 - 1?
-4346
In base 12, what is 55 - -6?
5b
In base 11, what is -5 - 1730?
-1735
In base 8, what is -361 - -4?
-355
In base 2, what is -1001001010 - -1?
-1001001001
In base 12, what is -1 + -40?
-41
In base 7, what is -30 - -33?
3
In base 15, what is 2d + -55?
-27
In base 16, what is -2 + 28?
26
In base 7, what is -34 - 0?
-34
In base 6, what is -32354 + 4?
-32350
In base 3, what is 11 + -10112?
-10101
In base 5, what is 31040 + 1?
31041
In base 16, what is b4 - 4?
b0
In base 7, what is -13 + -10?
-23
In base 6, what is 202 - -100?
302
In base 4, what is 12 - 212223?
-212211
In base 9, what is 1775 + 4?
1780
In base 12, what is 4 - 220?
-218
In base 9, what is 7 - 54?
-46
In base 5, what is -1 - 102323?
-102324
In base 3, what is 212 + -10111?
-2122
In base 10, what is -3330 - 3?
-3333
In base 5, what is -4 + -20404?
-20413
In base 16, what is -25 - 8?
-2d
In base 8, what is 3 - 13211?
-13206
In base 10, what is -3740 - 4?
-3744
In base 5, what is -111 - 11?
-122
In base 15, what is a43 + 4?
a47
In base 13, what is 2359 - -5?
2361
In base 2, what is -101000000100110 - 0?
-101000000100110
In base 6, what is 104 + 1345?
1453
In base 14, what is 4 - c?
-8
In base 9, what is -6 + -14?
-21
In base 16, what is -1 + -12?
-13
In base 8, what is -46 - -7?
-37
In base 13, what is 6 - a3?
-9a
In base 14, what is 5 + -73?
-6c
In base 7, what is -3262 + -5?
-3300
In base 3, what is -1020 + 10?
-1010
In base 13, what is 17c6 - -1?
17c7
In base 2, what is 0 + -100010111?
-100010111
In base 10, what is 9 + 4?
13
In base 14, what is -5 + 102?
db
In base 7, what is -2 - -411?
406
In base 8, what is 0 + -14647?
-14647
In base 3, what is -2000 - 12?
-2012
In base 6, what is 10 + -123?
-113
In base 11, what is -48 + -126?
-173
In base 13, what is 13 + -3cc?
-3b9
In base 14, what is -2c8 - -3?
-2c5
In base 3, what is -102 + -12021?
-12200
In base 5, what is -4 - -1022?
1013
In base 8, what is -3 + -33?
-36
In base 15, what is 88 + -3?
85
In base 4, what is -3000 - 13?
-3013
In base 8, what is 44 - -13?
57
In base 16, what is -e1 - 22?
-103
In base 9, what is -1 + -217?
-218
In base 10, what is 178 + 8?
186
In base 15, what is -d8a + 5?
-d85
In base 3, what is -10 - -12001?
11221
In base 8, what is 1153 - 4?
1147
In base 5, what is -2 + 1301?
1244
In base 7, what is -15 - 15?
-33
In base 6, what is -13 - 2133?
-2150
In base 11, what is 75 - 224?
-15a
In base 14, what is 7 + -3b?
-34
In base 11, what is 4 + 110?
114
In base 9, what is -67 + -2?
-70
In base 11, what is 39 - -332?
370
In base 8, what is -2 - 547?
-551
In base 12, what is -223 + 5?
-21a
In base 4, what is 2 - 30?
-22
In base 9, what is 605 + 5?
611
In base 16, what is b6 - -1?
b7
In base 7, what is 23555 + 4?
23562
In base 10, what is 12102 - -1?
12103
In base 15, what is -1d + 2?
-1b
In base 13, what is 0 + -93?
-93
In base 13, what is -39c5 - 0?
-39c5
In base 10, what is 5 - 43?
-38
In base 4, what is 3 - 1110?
-1101
In base 12, what is -12 + 145?
133
In base 2, what is -10 - -1001110011110?
1001110011100
In base 10, what is 58 + -4?
54
In base 7, what is -243 - 4?
-250
In base 14, what is -197 + -6?
-19d
In base 13, what is -46b + 6?
-465
In base 7, what is -10 + -215?
-225
In base 12, what is -97 + 5?
-92
In base 3, what is 20222 - -121?
21120
In base 6, what is 13 + -11?
2
In base 7, what is 240 + -432?
-162
In base 15, what is a3 - -9?
ac
In base 3, what is -2 - 210212?
-210221
In base 9, what is 87 - 325?
-227
In base 16, what is 3d + 3?
40
In base 3, what is 22000 - 1100?
20200
In base 14, what is a + -665?
-659
In base 13, what is -3 + -64?
-67
In base 3, what is 101 + -1010?
-202
In base 4, what is -10 + 122?
112
In base 13, what is -2 - 1a0?
-1a2
In base 8, what is 1060 + -3?
1055
In base 11, what is -5 - 48?
-52
In base 8, what is 1514 - 0?
1514
In base 7, what is 2 - -4121?
4123
In base 13, what is -5a + 0?
-5a
In base 5, what is 1 - 411?
-410
In base 8, what is -426 - 3?
-431
In base 3, what is 12012 - 0?
12012
In base 13, what is -c0 + 24?
-99
In base 15, what is -1 - 18?
-19
In base 13, what is 98 - -5?
a0
In base 4, what is 1232 + 0?
1232
In base 7, what is 11 - 161?
-150
In base 13, what is 10 - 15?
-5
In base 8, what is -61 + 65?
4
In base 3, what is 2111001 - -12?
2111020
In base 9, what is -4 - -31?
26
In base 16, what is -1db + 0?
-1db
In base 3, what is 20210 + 0?
20210
In base 3, what is -2012020 + -2?
-2012022
In base 11, what is 36a - 5?
365
In base 11, what is -a6 - 4a?
-145
In base 2, what is 100 - -1000011?
1000111
In base 6, what is -10 - -4?
-2
In base 8, what is -4240 + -4?
-4244
In base 8, what is -11 + 15?
4
In base 15, what is -e + -1?
-10
In base 13, what is -6a9 - 5?
-6b1
In base 10, what is 31 + -3?
28
In base 15, what is 5 + -2c?
-27
In base 3, what is -1 - 10100001?
-10100002
In base 16, what is -4 + -3b6?
-3ba
In base 13, what is -2 - 2b12?
-2b14
In base 12, what is 3 + -77?
-74
In base 13, what is -2 + -80?
-82
In base 5, what is -3 + 30?
22
In base 5, what is -2 + 4430?
4423
In base 6, what is -24 + -2342?
-2410
In base 7, what is 462 + 16?
511
In base 15, what is -e0c + 4?
-e08
In base 2, what is -101 - -10101?
10000
In base 5, what is -132 + 1210?
1023
In base 14, what is -4 + -a?
-10
In base 4, what is -112 - 13?
-131
In base 6, what is -34 - -50?
12
In base 12, what is 164 - 5?
15b
In base 11, what is 0 + -25?
-25
In base 4, what is -10 + -220?
-230
In base 5, what is 13423 + 4?
13432
In base 13, what is -3b - 34?
-72
In base 6, what is 0 + 220?
220
In base 7, what is -3 - 4111?
-4114
In bas